ivisor of w and 72?
24
Suppose 0 = -5*p - 0*p + 180. Let n be p*(1/(-4) - -1). Let f = 25 + n. What is the greatest common divisor of 13 and f?
13
Suppose -44 = 4*j - 300. Suppose -z - 37 = -4*s, -5 = 3*z + 2*z. Suppose 2*d + s - 25 = 0. Calculate the greatest common factor of d and j.
8
Let l be ((-90)/(-20))/((-1)/(-2)). What is the highest common divisor of 63 and l?
9
Suppose 2*h + 3*s - 48 = 0, -h + 2 = -4*s - 0. Calculate the highest common factor of h and 144.
18
Suppose -4*c + 5*o = -8, -4*o + 9*o = -5*c + 10. Let g be (-16)/c*22/(-4). Let m be 4/(-2) - (-11 - 2). What is the greatest common factor of m and g?
11
Let i be 15/2 + 1/(-2). Let q(y) = -y**3 + 8*y**2 - 5*y - 9. Let t be q(i). Suppose 0*s - 200 = -t*s. Calculate the greatest common factor of 5 and s.
5
Let y(p) = p**3 - 6*p**2 - 5*p + 1. Suppose -6*a - 12 = -54. Let q be y(a). Calculate the greatest common divisor of 5 and q.
5
Let d be 1 + -3 - (-224)/((-7)/(-1)). Calculate the highest common divisor of 30 and d.
30
Suppose 5 = -2*f + 23. Let i be 26*1 - 0/1. Suppose 5*s = -a - i + 82, a = -2*s + 71. Calculate the highest common factor of a and f.
9
Let w be (0 + 15)/5 - -19*1. Calculate the highest common divisor of w and 11.
11
Let k = 10 - -2. Let q = 22 + -20. Suppose q*h = 4 + 12. Calculate the highest common factor of k and h.
4
Let f(p) = p**2 - 2*p - 1. Let x be f(-1). Suppose -x*c = 84 - 214. Let a = 32 - 19. What is the highest common divisor of c and a?
13
Let d be (-1 - 32)*(-4)/6. Let p be ((-44)/(-3))/(2/3). Calculate the highest common factor of p and d.
22
Suppose 4*n = 78 + 50. Calculate the greatest common factor of n and 64.
32
Let d(k) = 3*k - 10. Let z be d(6). What is the highest common divisor of 56 and z?
8
Let b(a) = -34*a - 8. Let d be b(-2). What is the greatest common divisor of d and 90?
30
Suppose 3*i + 28 = 5*i. Let h be (i/8)/(1/8). Calculate the greatest common factor of h and 7.
7
Let k = 110 + -33. Calculate the greatest common divisor of 7 and k.
7
Suppose -p + 2*k + 42 = 4*p, -36 = -4*p + k. Calculate the greatest common divisor of 50 and p.
10
Let u be (198/(-2) + -1)*1. Let y = -56 - u. What is the highest common factor of y and 11?
11
Let w be -3*2*4/(-3). Calculate the greatest common factor of 72 and w.
8
Let g = -58 + 112. Calculate the greatest common divisor of g and 18.
18
Let d be ((-3)/9)/((-1)/3). What is the highest common factor of d and 10?
1
Let a be (12/9 + 0)*3. Calculate the highest common divisor of a and 44.
4
Let y(g) = g**2 - 12. Let f be y(-6). What is the highest common divisor of f and 12?
12
Let s(p) = -p**3 - 4*p**2 - 4*p + 5. Let a be s(-4). What is the greatest common divisor of 168 and a?
21
Let c(a) = 3*a**2 + 3*a. Let u be c(-2). Let h be 3*-3*(-32)/u. What is the highest common factor of 12 and h?
12
Suppose 4*v = 2*o - 270, 3*o = -o + v + 540. Suppose -2*m = -m - o. What is the greatest common factor of m and 27?
27
Suppose 5*q - 11 = -36. Let j be (-61)/q - 3/15. Let k be 2/(-6)*-35 - 61/(-183). What is the highest common divisor of j and k?
12
Suppose d - 10 = -2*m + 5, 2*d = 3*m - 5. What is the greatest common divisor of d and 45?
5
Suppose -201 - 123 = -4*s. Suppose -5*m = -s - 549. Let u = -45 + 63. Calculate the highest common divisor of u and m.
18
Let g(h) = -5*h - 12. Let z be g(-10). Calculate the greatest common divisor of z and 38.
38
Let o(d) = -d**2 - 15*d - 39. Let m be o(-8). What is the highest common divisor of m and 136?
17
Let i = 9 + 3. Calculate the greatest common divisor of 216 and i.
12
Let l(v) = -v**3 - 6*v**2 - 4*v - 2. Suppose 2*n + 3 = -9. Let o be l(n). Let w = 33 + -11. What is the highest common divisor of o and w?
22
Let q = -208 + 367. Let g = q - 87. Let u = -2 - -11. What is the highest common factor of g and u?
9
Let s(v) = -2*v**3 - v**2 + v + 2. Let u be s(-2). What is the greatest common factor of 96 and u?
12
Let x(y) = -y**2 - 10*y - 1. Let r = -9 - 1. Let t be x(r). Let f be -12*((-15)/9 - t). Calculate the highest common divisor of f and 72.
8
Suppose 2*c = 6, b - 5 = -c + 22. Let n be b/2*(-27)/(-6). Calculate the highest common factor of 9 and n.
9
Let h(j) = -j**3 + 3*j**2 + 5*j - 2. Let p be h(4). What is the highest common divisor of p and 4?
2
Let g = 2 - -1. Let k(l) = -4*l + 31. Let d be k(-11). Suppose -5*u - g*r = -5*r - d, r = -2*u + 30. What is the greatest common divisor of u and 3?
3
Let o be 8/(-14) - 512/(-14). Calculate the highest common factor of o and 4.
4
Let k be (-3)/((1*-4)/(-8)). Let v be (k/9)/(2/(-192)). What is the greatest common divisor of 8 and v?
8
Let k = -52 - 4. Let z be 1 + -1*2 - k. Suppose 40 = 5*q - 3*m, -5*m - 3 - 16 = -4*q. Calculate the greatest common divisor of q and z.
11
Let q be (-1*1)/(2/18). Let n be (-4)/(-18) + (-25)/q. Suppose -4*b - 30 = -3*o + 53, -2*b = 10. What is the greatest common divisor of n and o?
3
Suppose 2*y - 262 = -4*w, 2*y - 530 = -2*y - 5*w. What is the greatest common divisor of y and 27?
27
Suppose 2*f = 3 + 3, -305 = -4*x + 5*f. Let t be ((-2)/4)/(1/(-20)). Calculate the highest common divisor of t and x.
10
Let t(p) = -p**3 + 6*p**2 + 8*p + 6. Let c(j) = 3*j**2 - 6*j - 2. Let g be c(3). Let r be t(g). Calculate the greatest common factor of 13 and r.
13
Let j be (1/2)/((-1)/(-12)). Let q be (1 - 1)*5/(-10). Suppose 4*v + 5*b - 244 = 0, q = v - b + 3*b - 58. What is the highest common divisor of j and v?
6
Let y(o) = o**3 - o**2 - 4. Let x be y(0). Let l = x - -5. What is the highest common factor of 1 and l?
1
Suppose 0 = -f + 3*l + 12, l = -4*f - 4*l + 48. What is the greatest common divisor of f and 18?
6
Suppose 5*v - 2*v - 75 = 0. Calculate the greatest common factor of v and 10.
5
Let l be 5*(1 - 4/20). Suppose 3*v - 66 = -l*p, -4*v + 26 = 2*p + v. Suppose 3*i - 16 - 65 = 0. What is the highest common divisor of i and p?
9
Let d(q) = 2*q**3 - 8*q**2 + 2*q + 6. Let t be d(5). Calculate the highest common factor of t and 44.
22
Let t(u) = 12*u**2 - 10*u - 9. Let x be t(-5). Calculate the greatest common divisor of x and 31.
31
Suppose 5 = -3*c + 2, 4*j + 13 = 3*c. Let f be 12/8 - 2/j. Suppose -26 = -v - 0*d + f*d, -4*d = -8. Calculate the highest common factor of 15 and v.
15
Suppose 5 = 2*j + a - 13, 0 = -5*a + 20. Calculate the greatest common factor of 1 and j.
1
Let c = 1 + 0. Let j = 35 - 33. Let l be j/c + 2 + 0. Calculate the highest common factor of l and 12.
4
Let z be 143/33 + 4/6. What is the highest common divisor of 5 and z?
5
Let k = -66 + 121. Calculate the highest common factor of k and 33.
11
Let t be 1 + 2*(-158)/(-4). Let w = -2 - -4. Let q be 66/8 + w/(-8). What is the greatest common divisor of q and t?
8
Let t be 51 - (-5 + 2*(-4)/(-8)). Let q = 10 - 5. What is the highest common divisor of t and q?
5
Let p = -4 + 0. Let x(o) = o**2 + 2*o + 1. Let m be x(p). What is the greatest common divisor of 36 and m?
9
Let y(z) = 7*z**2 - z. Let c be y(-1). Calculate the highest common factor of 88 and c.
8
Suppose 20 - 5 = 5*a. Suppose -k - 4*y + 4 = -8, -19 = -2*k - a*y. Calculate the greatest common factor of k and 40.
8
Suppose -6*r = -9*r + 12. Calculate the greatest common divisor of 16 and r.
4
Let b be ((-14)/3)/((-3)/54). What is the greatest common factor of b and 12?
12
Suppose -8 = -t + 2*f, 0 = 5*t - 4*t - 5*f - 17. Suppose -h - 30 = -t*h. Calculate the highest common factor of h and 10.
10
Suppose -6*w + 2*w + 21 = 3*c, 5*c + 34 = w. Suppose 2*q - w = -q. What is the greatest common divisor of 9 and q?
3
Suppose -3*d = -35 - 133. Suppose -q + 5*q - d = 0. What is the highest common divisor of q and 14?
14
Suppose 8 - 2 = 2*a. Suppose -a*v = -v - 140. Calculate the highest common divisor of 14 and v.
14
Let s be (-2)/4*40/(-4). Let a be 0/7*1/(-1). Suppose w + w - 80 = a. What is the greatest common factor of w and s?
5
Suppose 6*f - 4 = 4*f. Suppose -4*v + 6 = -f*v. Suppose 3*a - 180 = v*t + 33, -a = 2*t - 56. What is the highest common factor of 6 and a?
6
Suppose -86 = -g - 3*i, g + 5*i = 36 + 56. What is the greatest common divisor of g and 7?
7
Suppose -7*v - 42 = -9*v. What is the highest common divisor of 105 and v?
21
Suppose 0 = o, -4*i - 3*o = -2 - 6. Let z be (-1 - 1)*(-1)/2. Suppose -33 = -4*j - z. Calculate the highest common divisor of j and